490, -6*j = -j + g - 1225. Calculate the highest common factor of 98 and j.
49
Suppose -3*j + j + 10 = 0. Suppose 20 + 30 = j*o. Suppose -3*r = -2*r - z + 4, 2*z = o. Calculate the highest common factor of r and 1.
1
Let l be 1/(993/198 + -5). Let f = -197 + 87. Let o = f - -154. What is the highest common factor of o and l?
22
Let t be 1/(1*(-3)/(-693)). What is the greatest common divisor of 33 and t?
33
Suppose -2*j + 5*g + 18 = 0, -3*j + 0*j + 27 = 2*g. What is the highest common factor of 1 and j?
1
Suppose 5*w - j - 33 + 103 = 0, 3*w + 42 = -j. Let a = 33 + w. What is the greatest common factor of a and 152?
19
Suppose -2*k + 5*u + 25 = 0, -5*k + 6 = 5*u - 4. Suppose 10 + 10 = 5*g, -2*g = k*n - 188. What is the highest common divisor of n and 12?
12
Let y be ((-474)/4)/((-2)/4). Suppose -4*z - 2*c + y = -91, -4*z - 3*c + 324 = 0. What is the highest common factor of z and 12?
12
Let o(h) = -h**2 - 6*h + 8. Let j be (1/(-5) + -1)*5. Let d be o(j). Calculate the highest common factor of d and 16.
8
Let b be 3*(2 - (-1 + 0)). Suppose 0 = 3*i + 5*s - 30 - 144, 0 = 2*i - 2*s - 132. What is the highest common factor of i and b?
9
Let c(z) = 4*z - 6. Let f(r) = -r**2 + 11*r + 5. Let b be f(11). Let u be c(b). Calculate the greatest common divisor of 14 and u.
14
Let g(p) = -p + 4. Let o be g(-6). Calculate the greatest common divisor of 80 and o.
10
Let s = 16 - 12. Suppose 0 = 2*k + 5*u - 31, s*k - 4*u - 17 = u. Let r(f) = 9*f + 1. Let q be r(7). What is the highest common factor of q and k?
8
Let m = -14 + 18. Calculate the greatest common divisor of 4 and m.
4
Let b = 241 - 89. Let u = 251 - b. What is the greatest common divisor of u and 9?
9
Suppose -9*y + 55 = -4*y. What is the highest common factor of y and 55?
11
Let x(m) = -13*m - 14. Let r be x(-3). Calculate the highest common divisor of 200 and r.
25
Suppose 3*m - 126 = -24. What is the highest common factor of m and 68?
34
Let m(d) = -d**2 + 22*d - 16. Let l be m(14). Suppose 4*g - l = -5*c + 104, -3*g = 5*c - 205. Calculate the greatest common factor of c and 11.
11
Let w be (-69)/(-12) + (-3)/(-12). Calculate the highest common factor of 3 and w.
3
Let z(o) = 2*o**2 + 5*o - 1. Let y(g) = g**2 + 2*g - 18 + 18. Let n(j) = 13*y(j) - 6*z(j). Let h be n(6). What is the greatest common divisor of h and 27?
9
Suppose -4*v = u - 35, 2*v - 69 - 16 = -5*u. Suppose 127 = 4*l + u. Calculate the highest common factor of l and 70.
14
Let k be (1 + 2)/6*320. Let f = k - 64. Calculate the highest common factor of 16 and f.
16
Let c be 2*2*2/(-8). Let k be (c - -2) + 2 + -1. Let m be (5 + (1 - 0))/k. Calculate the greatest common factor of 2 and m.
1
Suppose -r = -53 - 52. Let f = 18 - 9. Let g be (-176)/(-12) + 3/f. Calculate the greatest common divisor of r and g.
15
Let b = -40 - -80. Let g(x) = 6*x**2 - 6*x + 1 - x - 4*x**2. Let r be g(5). Calculate the greatest common divisor of b and r.
8
Let u = -11 + 221. What is the greatest common factor of 21 and u?
21
Let c be 1*3/12*4. Let d be (3 + -2)*c - -9. Calculate the highest common factor of 110 and d.
10
Let r be (14 - 0)/2 + -2. Let w be (-522)/(-13) + 2/(-13). What is the greatest common factor of r and w?
5
Suppose 2*n + 33 = 87. Calculate the greatest common divisor of 9 and n.
9
Let s(k) = 4*k - 11. Let d be s(8). Suppose q - 5*q = -12. What is the greatest common divisor of q and d?
3
Let h be 8/6 + 56/21. What is the highest common divisor of 16 and h?
4
Let k = 0 - -2. Suppose -r + 36 = 2*b + 2*b, 20 = 4*b. Suppose 0*s + r = s. What is the greatest common factor of k and s?
2
Suppose -d = -3*w + 14, -3 + 21 = 3*w + 3*d. Suppose -j = w*y - 80, -104 = j - 3*j + 4*y. Calculate the highest common factor of 24 and j.
12
Let o = 31 - 7. Suppose 2*n - 21 = -g + o, -3*n = 3*g - 69. What is the greatest common divisor of n and 2?
2
Let c be ((-3)/6)/((-4)/24). Let l = 11 + c. Calculate the greatest common factor of 42 and l.
14
Let s be (0 - 5)*(10 - 28). Calculate the greatest common factor of 10 and s.
10
Let c = 37 + 5. Suppose -3*n = -0*q + 4*q - 53, -n = q - 17. Let w = -9 + n. Calculate the highest common divisor of c and w.
6
Let m = -28 - -17. Let g(s) = -2*s - 15. Let v be g(m). What is the highest common factor of 1 and v?
1
Suppose 2*y - 3 = -y. Let c(f) = -6*f + 1. Let d be c(y). Let w = 12 + d. Calculate the highest common factor of 77 and w.
7
Let f(j) = -2*j**3 - 2*j - 1. Let d be f(-1). Let o be 9*((d - 1) + -1). Let y = 1 + o. What is the greatest common factor of y and 80?
10
Suppose -2*q = -30 - 42. Suppose -4*a + 5*c - 38 = -106, -4*c = -2*a + 40. What is the highest common factor of q and a?
12
Let o be 2/(-2) - -1 - -7. Suppose -3*i + 280 = 2*i. What is the greatest common factor of i and o?
7
Suppose 0 = 2*v + y - 0*y + 4, 3*v + 3 = -3*y. Let n(m) = m**2 + 2*m - 4. Let j be n(v). Let k = j + 2. Calculate the highest common factor of 7 and k.
1
Let v be 21/4*176/6. Calculate the highest common divisor of v and 14.
14
Let n = -17 - -33. Let f be (-1)/(-8) + 5982/n. What is the highest common divisor of f and 34?
34
Let t(m) = 2*m**2 + 4. Let h be t(3). What is the greatest common divisor of 11 and h?
11
Suppose -1 = m + a - 4, 6 = -3*a. Let p = -295 - -297. Calculate the highest common divisor of p and m.
1
Let c be (-50)/(-8) - 22/88. Calculate the highest common factor of 6 and c.
6
Let d be ((-8)/(-10))/((-6)/(-15)). Let i be (2 - -1) + -2 + d. Suppose -4*f + 46 = 5*l - 76, l = i*f - 101. What is the greatest common divisor of f and 11?
11
Suppose 4*u = -0*z - 3*z + 1984, 0 = -z - 3*u + 663. Suppose -4*a + z = -a. What is the greatest common factor of a and 22?
22
Suppose 0 = 5*o - 135 - 650. Suppose x + 311 = 4*w, w - o = -w + x. Let b = -1 - -12. What is the highest common divisor of w and b?
11
Suppose 0 = 5*q - 35 - 45. Calculate the highest common divisor of 4 and q.
4
Let s be 62/10 - 8/40. Let u be ((-10)/s)/(4/(-24)). Calculate the greatest common factor of 30 and u.
10
Suppose -2*w + 137 + 31 = 0. What is the highest common divisor of w and 12?
12
Let z be (-8)/14 - (-12512)/238. What is the highest common divisor of 78 and z?
26
Let w(i) = i**2 + i - 4. Let z be w(-3). Suppose -z*a - 3*a = -340. Let b be 4 + (-4)/((-12)/39). What is the greatest common factor of a and b?
17
Let q = 13 + -12. Let a be 9/(-2*q/(-4)). What is the greatest common factor of a and 144?
18
Suppose -s + 0*s + 14 = 0. Let j be (4 + -1)/(3/s). Let b be (-14)/8*(2 - 6). Calculate the greatest common divisor of j and b.
7
Let l = 15 + -7. Suppose 4*i + 6*b - b - 5 = 0, i - l = b. Suppose i*f = -3*p + 117, -f + 3*p - p = -26. What is the highest common factor of f and 12?
12
Let r(s) = 6*s - 2. Let o be 0 + (0 - 0) + 2. Let t be r(o). Let y be 6/t + 2/5. What is the greatest common divisor of y and 8?
1
Suppose 4*s - 10 = 6. Let g be 4/8 - (-94)/s. What is the highest common divisor of g and 36?
12
Let l = 3 + -3. Let m be (-2 + l)/((-10)/65). Let n = -116 + 181. Calculate the greatest common divisor of m and n.
13
Suppose -21*m = -17*m - 56. What is the greatest common factor of 28 and m?
14
Let s be (-5)/2*(-161 - -3). Let r be 1/4 - s/(-20). Let u = -222 + 422. What is the greatest common divisor of u and r?
20
Suppose 2*z + 5 = 5*z - 5*t, z = 5*t - 5. Suppose 0*m - z*m + 55 = 0. Let r = m - 1. What is the greatest common factor of r and 90?
10
Let m = -18 + 38. Suppose 0*t = -4*t + m. Suppose 0*n + n + 4*s - 18 = 0, -2*s = -n + 6. What is the greatest common divisor of n and t?
5
Let h = 71 - 41. Suppose -5*n - 3*z + 28 + 44 = 0, 4*z = n + 4. What is the highest common divisor of h and n?
6
Let x be 1 + (-5)/(5/(-2)). Let k(c) = 2*c**2 - 2*c + 2. Let r be k(x). Calculate the greatest common factor of 140 and r.
14
Let c(n) = -n**2 + 18*n - 5. Let d be c(17). What is the greatest common factor of 3 and d?
3
Let b(x) = -x**3 - 2*x**2 + x + 16. Let f be b(0). What is the greatest common factor of 128 and f?
16
Suppose 0*x = -5*x + g + 392, 2*x - g = 158. Calculate the highest common factor of x and 52.
26
Suppose 0 = -5*d - 2*j + 20, d + 3*j + 20 = 6*d. Suppose 0*w - 420 = -d*w. What is the greatest common divisor of w and 21?
21
Let l(g) = -g - 1. Let i be l(-2). Let f be 8 + 3/(i + 2). Let d = 20 - f. What is the greatest common f